r of 91850 and 44?
22
Calculate the highest common factor of 1725995 and 244.
61
What is the greatest common divisor of 2842 and 1133552?
406
Calculate the greatest common factor of 660005 and 20.
5
What is the greatest common factor of 7576 and 1176?
8
Calculate the greatest common divisor of 4635 and 1935.
45
What is the highest common divisor of 1450 and 2750?
50
Calculate the greatest common divisor of 56 and 87656.
8
What is the highest common factor of 50370 and 1035?
345
What is the highest common factor of 6 and 438798?
6
Calculate the highest common factor of 1152 and 768.
384
What is the greatest common factor of 94740 and 60?
60
Calculate the highest common divisor of 61796 and 2702.
14
Calculate the highest common divisor of 27291 and 3993.
33
Calculate the greatest common divisor of 1271 and 11849.
41
What is the highest common factor of 22127 and 79352?
763
Calculate the highest common factor of 83198 and 34.
34
What is the highest common factor of 52428 and 36?
12
Calculate the highest common factor of 477 and 32171.
53
What is the greatest common factor of 346176 and 2496?
192
Calculate the highest common divisor of 3302 and 390.
26
What is the highest common divisor of 44 and 6036?
4
What is the greatest common factor of 1037 and 22627?
17
Calculate the highest common divisor of 4699006 and 26.
26
What is the highest common divisor of 72 and 950868?
36
Calculate the highest common divisor of 4130 and 478.
2
What is the highest common factor of 158733 and 108?
27
Calculate the greatest common divisor of 102 and 57792.
6
Calculate the highest common factor of 725907 and 273.
273
Calculate the highest common factor of 470052 and 231.
33
Calculate the highest common divisor of 153743 and 2.
1
What is the highest common factor of 240465 and 4920?
615
Calculate the greatest common factor of 122 and 34709.
61
Calculate the highest common divisor of 315974 and 184.
46
What is the highest common divisor of 258 and 98986?
86
What is the greatest common factor of 128887 and 77?
11
Calculate the greatest common divisor of 859160 and 47.
47
Calculate the greatest common divisor of 22 and 144298.
22
Calculate the highest common factor of 14093 and 272.
17
Calculate the greatest common divisor of 254826 and 2886.
78
What is the greatest common divisor of 8392 and 128?
8
Calculate the greatest common factor of 8184 and 2706.
66
Calculate the highest common factor of 486 and 1842.
6
What is the highest common divisor of 109275 and 900?
75
Calculate the highest common divisor of 176 and 568.
8
Calculate the highest common divisor of 322 and 3640049.
161
What is the greatest common divisor of 9 and 625329?
9
What is the greatest common factor of 105 and 67655?
35
What is the greatest common factor of 23976 and 1920?
24
What is the highest common divisor of 3 and 827?
1
Calculate the greatest common divisor of 34432 and 2944.
128
What is the highest common divisor of 1734 and 4?
2
Calculate the highest common divisor of 36 and 169500.
12
What is the greatest common factor of 94914 and 12?
6
Calculate the greatest common divisor of 35689 and 1691.
89
Calculate the highest common factor of 1577 and 3363.
19
Calculate the greatest common factor of 220864 and 784.
112
Calculate the highest common divisor of 191664 and 121.
121
Calculate the highest common divisor of 531 and 67791.
177
What is the greatest common divisor of 406434 and 21?
21
What is the greatest common factor of 18020 and 4964?
68
Calculate the highest common factor of 5717250 and 55.
55
Calculate the greatest common factor of 8960 and 576.
64
What is the greatest common divisor of 21311 and 4040?
101
What is the highest common factor of 145917 and 3999?
93
Calculate the highest common factor of 45696 and 918.
102
Calculate the greatest common divisor of 6583 and 43181.
29
Calculate the greatest common factor of 306 and 10608.
102
What is the greatest common factor of 96232 and 1288?
184
What is the highest common divisor of 59388 and 280?
28
What is the highest common factor of 131127 and 6867?
327
Calculate the greatest common divisor of 2500862 and 906.
302
What is the highest common divisor of 61854 and 1287?
39
Calculate the highest common factor of 5180 and 1.
1
What is the highest common factor of 24602 and 1?
1
What is the greatest common divisor of 756335 and 3656?
457
What is the greatest common factor of 3 and 173157?
3
What is the highest common divisor of 104157 and 54?
9
Calculate the highest common factor of 24849 and 1683.
99
Calculate the greatest common divisor of 39258 and 108.
54
What is the highest common factor of 71303 and 1262?
631
What is the greatest common factor of 8120 and 6160?
280
Calculate the greatest common divisor of 39 and 621517.
13
What is the highest common factor of 35490 and 33215?
455
What is the greatest common factor of 41503 and 38269?
539
What is the highest common factor of 4606 and 2914?
94
Calculate the highest common divisor of 55455 and 30.
15
What is the highest common divisor of 18 and 72153?
9
What is the greatest common divisor of 8783 and 4?
1
Calculate the greatest common divisor of 3408 and 193404.
852
What is the greatest common factor of 274 and 180566?
274
Calculate the greatest common factor of 693 and 1771.
77
Calculate the greatest common divisor of 42 and 32998.
14
Calculate the highest common factor of 579 and 1222269.
579
Calculate the highest common divisor of 7518 and 66.
6
What is the highest common divisor of 273 and 19149?
39
What is the greatest common factor of 108 and 140?
4
What is the highest common divisor of 844 and 33338?
422
What is the highest common divisor of 12 and 222252?
12
What is the greatest common divisor of 282 and 79554?
6
Calculate the greatest common divisor of 12 and 720388.
4
Calculate the greatest common factor of 55 and 11195.
5
Calculate the greatest common factor of 1479 and 4233.
51
What is the greatest common factor of 1728 and 1319?
1
What is the greatest common divisor of 1792 and 14308?
28
Calculate the highest common divisor of 18652 and 4.
4
Calculate the greatest common divisor of 91 and 188755.
7
What is the greatest common factor of 600 and 12300?
300
Calculate the greatest common divisor of 7 and 10367.
7
Calculate the greatest common divisor of 2855 and 450519.
571
What is the greatest common divisor of 650 and 53450?
50
What is the highest common divisor of 3965 and 725?
5
What is the highest common factor of 860 and 15?
5
What is the highest common factor of 6 and 2820?
6
Calculate the highest common factor of 552 and 96.
24
Calculate the highest common divisor of 35883 and 729.
81
What is the highest common factor of 235488 and 4?
4
Calculate the greatest common factor of 231200 and 20128.
544
Calculate the highest common divisor of 173428 and 14516.
764
What is the greatest common factor of 61696 and 14336?
256
What is the greatest common divisor of 11728 and 40?
8
Calculate the highest common divisor of 21684 and 195.
39
Calculate the greatest common divisor of 25 and 14835.
5
Calculate the highest common divisor of 275 and 253165.
55
Calculate the greatest common factor of 13346115 and 615.
615
Calculate the greatest common factor of 270002 and 254.
254
What is the greatest common factor of 30 and 48330?
30
What is the greatest common divisor of 4827444 and 372?
372
What is the highest common factor of 8957156 and 4?
4
Calculate the highest common divisor of 106051 and 44162.
311
What is the greatest common divisor of 251 and 97?
1
What is the greatest common factor of 96152 and 136?
136
What is the greatest common divisor of 15 and 31448955?
15
Calculate the greatest common divisor of 7002 and 939824.
778
What is the greatest common divisor of 39300 and 400?
100
Calculate the greatest common divisor of 6303 and 44.
11
Calculate the greatest common divisor of 6580 and 1064.
28
What is the highest common divisor of 133 and 49115?
19
Calculate the greatest common factor of 231 and 110649.
231
Calculate the greatest common factor of 9951 and 6231.
93
Calculate the greatest common factor of 208 and 111852.
52
Calculate the greatest common factor of 51532 and 13.
13
What is the highest common factor of 1623808 and 384?
128
Calculate the greatest common factor of 26713